 1594781 a prime number?
False
Is 10488521 a prime number?
False
Is 49157029 a prime number?
False
Is 621472429 a composite number?
True
Is 981317 a composite number?
True
Is 2644613 a composite number?
False
Is 2055007 prime?
False
Is 5759003 prime?
True
Is 18822283 a prime number?
True
Is 318253289 prime?
True
Is 23227 a composite number?
False
Is 5381743 composite?
False
Is 8480789 composite?
True
Is 90887 a prime number?
True
Is 1284666329 a composite number?
False
Is 139293127 a composite number?
True
Is 188459 a prime number?
True
Is 2019089 composite?
False
Is 96117317 a composite number?
False
Is 11854771 composite?
True
Is 405877897 composite?
False
Is 449080961 composite?
True
Is 1689703 a composite number?
False
Is 238536218 composite?
True
Is 64477529 a composite number?
False
Is 3168563 prime?
True
Is 12682385 prime?
False
Is 14806689 prime?
False
Is 1458273 prime?
False
Is 27130613 prime?
False
Is 10514995 prime?
False
Is 22679933 a composite number?
True
Is 54780359 composite?
False
Is 732937 composite?
True
Is 312781 a prime number?
False
Is 35473183 composite?
False
Is 202859 a composite number?
False
Is 464820449 a prime number?
True
Is 4367087 prime?
True
Is 61676477 prime?
False
Is 1036141 composite?
True
Is 53493899 a composite number?
False
Is 19675031 prime?
False
Is 98306941 a composite number?
False
Is 20476993 composite?
True
Is 2571323 a prime number?
False
Is 6942149 composite?
False
Is 6544257 a composite number?
True
Is 6777683 a prime number?
False
Is 33882109 a composite number?
True
Is 403999093 composite?
True
Is 71721697 prime?
False
Is 1266693 a composite number?
True
Is 691871 composite?
False
Is 17475959 a prime number?
True
Is 106065143 a prime number?
True
Is 214451659 a composite number?
False
Is 19940819 a composite number?
True
Is 20174651 a prime number?
False
Is 66743437 a composite number?
False
Is 25814903 a composite number?
False
Is 85717901 prime?
False
Is 22860107 a prime number?
True
Is 266495 a prime number?
False
Is 43625831 composite?
True
Is 102006551 composite?
True
Is 169236923 a prime number?
True
Is 289721 composite?
False
Is 8175379 a prime number?
True
Is 117867761 a prime number?
False
Is 135432067 composite?
False
Is 2214497 prime?
False
Is 76517023 prime?
False
Is 133383317 a composite number?
False
Is 1696911 prime?
False
Is 44754289 prime?
True
Is 2382203 a composite number?
False
Is 10697117 a prime number?
False
Is 625249 a composite number?
True
Is 9014981 prime?
False
Is 93339787 a composite number?
False
Is 14712307 a prime number?
True
Is 103988429 a composite number?
False
Is 268267 a prime number?
True
Is 274993151 prime?
True
Is 564979463 composite?
False
Is 411533347 a composite number?
False
Is 12655399 a prime number?
True
Is 4680041 a composite number?
False
Is 14513309 composite?
True
Is 361356613 a prime number?
False
Is 17773543 a composite number?
False
Is 5260081 a composite number?
False
Is 16446593 a composite number?
False
Is 295694043 a prime number?
False
Is 2294453 a prime number?
False
Is 6766661 a composite number?
True
Is 4118749 prime?
True
Is 5735581 prime?
True
Is 6350867 a prime number?
True
Is 14634691 composite?
True
Is 28203457 composite?
True
Is 66862297 composite?
True
Is 1712861 a prime number?
True
Is 22149547 a composite number?
True
Is 51980503 a prime number?
False
Is 13675291 a prime number?
False
Is 353125481 prime?
True
Is 1068037 composite?
False
Is 2523109 a composite number?
True
Is 9389923 prime?
False
Is 43311623 a composite number?
False
Is 12236407 prime?
False
Is 156698697 prime?
False
Is 64452985 composite?
True
Is 128708159 a prime number?
False
Is 165877237 a prime number?
True
Is 800168585 composite?
True
Is 868863981 a composite number?
True
Is 34285523 a composite number?
True
Is 17600071 a prime number?
False
Is 112512107 a composite number?
True
Is 1030619 a prime number?
True
Is 134809 prime?
False
Is 397574714 a prime number?
False
Is 6774793 prime?
False
Is 225465143 a composite number?
False
Is 3375007 prime?
True
Is 6101787 prime?
False
Is 2179211 a prime number?
True
Is 222187913 a composite number?
False
Is 8279689 composite?
True
Is 15623353 a prime number?
False
Is 9708953 a prime number?
False
Is 7095541 a prime number?
False
Is 361023739 a composite number?
True
Is 178805759 a composite number?
True
Is 71903189 a prime number?
False
Is 50399845 composite?
True
Is 7639691 a prime number?
False
Is 25949947 prime?
False
Is 1145395117 a composite number?
False
Is 540339235 composite?
True
Is 68605169 a prime number?
True
Is 652405687 a prime number?
True
Is 14116719 a prime number?
False
Is 1408689799 a prime number?
False
Is 60069623 a prime number?
True
Is 2395937 a composite number?
True
Is 274147 a composite number?
False
Is 324689 composite?
False
Is 113721 prime?
False
Is 27365029 a prime number?
False
Is 48262067 a prime number?
False
Is 37269757 a composite number?
True
Is 2474201 prime?
False
Is 4365547 a prime number?
False
Is 223636307 a prime number?
False
Is 374711 composite?
True
Is 809311 prime?
False
Is 1644547 prime?
True
Is 61150217 composite?
False
Is 12638621 a composite number?
False
Is 11824559 a composite number?
True
Is 7228321 prime?
True
Is 11992649 a prime number?
True
Is 9222173 composite?
False
Is 8207467 a prime number?
False
Is 40971001 a composite number?
True
Is 5331493 a prime number?
True
Is 3469163 prime?
True
Is 128516649 a composite number?
True
Is 14549615 composite?
True
Is 1199543 prime?
False
Is 4417199 a prime number?
True
Is 2486699 a composite number?
False
Is 62810249 composite?
False
Is 739807 prime?
False
Is 6868573 composite?
True
Is 91895549 a prime number?
False
Is 109658953 composite?
False
Is 301990751 composite?
True
Is 30401443 a prime number?
True
Is 508004741 a prime number?
True
Is 10776847 a prime number?
True
Is 432711509 prime?
True
Is 110083 a composite number?
False
Is 58347709 composite?
True
Is 608980201 a composite number?
False
Is 1393771 a prime number?
True
Is 478767 a prime number?
False
Is 2636981 composite?
True
Is 73899197 a prime number?
True
Is 3226933 prime?
True
Is 7182353 a prime number?
True
Is 9207622 prime?
False
Is 50541891 a composite number?
True
Is 14529083 a prime number?
True
Is 6458257 prime?
False
Is 5241037 a composite number?
False
Is 11993039 composite?
False
Is 26901023 composite?
True
Is 21745901 a composite number?
False
Is 18545737 prime?
False
Is 192336667 a prime number?
True
Is 564766669 a prime number?
True
Is 10023301 composite?
True
Is 3300837 composite?
True
Is 15111763 prime?
True
Is 20521271 composite?
False
Is 115646561 a prime number?
True
Is 72135463 prime?
True
Is 20664559 a composite number?
True
Is 61625819 prime?
True
Is 1977667 composite?
False
Is 5251409 prime?
True
Is 165888862 a prime number?
False
Is 144799403 composite?
True
Is 16524923 composite?
True
Is 3616969 a composite number?
False
Is 16871137 a prime number?
True
Is 48033133 composite?
True
Is 5958749 prime?
True
Is 205464569 a composite number?
False
Is 3057227 prime?
True
Is 8276273 a prime number?
True
Is 415071199 a composite number?
True
Is 14106407 composite?
True
Is 159744037 composite?
False
Is 9788521 a composite number?
False
Is 452321 a prime number?
False
Is 12453149 composite?
True
Is 244612321 prime?
True
Is 42797 a composite number?
False
Is 2342609 a composite number?
False
Is 1214617 a composite number?
False
Is 56539703 prime?
False
Is 115538669 prime?
False
Is 329863 a prime number?
True
Is 131831461 a composite number?
True
Is 58716331 composite?
True
Is 9283961 composite?
False
Is 165536567 a prime number?
False
Is 613391 prime?
False
Is 37737263 prime?
False
Is 16840253 a composite number?
False
Is 200639 composite?
False
Is 2551135 a composite number?
True
Is 606407 a prime number?
False
Is 14565701 a composite number?
True
Is 27162173 prime?
True
Is 3522578 prime?
False
Is 6557969 composite?
True
Is 39426173 a composite number?
False
Is 541355 prime?
False
Is 286221259 a composite number?
True
Is 251304377 prime?
True
Is 5976847 composite?
True
Is 77867899 a composite number?
False
Is 5141005 prime?
False
Is 1294289 a composite number?
True
Is 147191003 a prime number?
False
Is 27274147 prime?
False
Is 537977 